{"id":749,"date":"2014-02-03T01:14:33","date_gmt":"2014-02-03T01:14:33","guid":{"rendered":"http:\/\/rodrigosotomoreno.com\/revistanew\/?page_id=749"},"modified":"2026-04-30T13:40:54","modified_gmt":"2026-04-30T19:40:54","slug":"comite-editorial-2","status":"publish","type":"page","link":"https:\/\/cienciauanl.uanl.mx\/?page_id=749","title":{"rendered":"Comit\u00e9s Editoriales"},"content":{"rendered":"<p><strong>COMIT\u00c9 ACAD\u00c9MICO<\/strong><\/p>\n<div class=\"page\" title=\"Page 2\">\n<div class=\"section\">\n<div class=\"layoutArea\">\n<div class=\"column\">\n<p>CIENCIAS DE LA SALUD<br \/>\n<em>Dra. Lourdes Garza Ocan\u0303as<\/em><br \/>\n(Universidad Auto\u0301noma de Nuevo Leo\u0301n, Me\u0301xico)<\/p>\n<p>CIENCIAS EXACTAS<br \/>\n<em>Dra. Ma. Aracelia Alcorta Garci\u0301a<\/em><br \/>\n(Universidad Auto\u0301noma de Nuevo Leo\u0301n, Me\u0301xico)<\/p>\n<p>CIENCIAS AGROPECUARIAS<br \/>\n<em>Dra. Mari\u0301a Julia Verde Star<\/em><br \/>\n(Universidad Auto\u0301noma de Nuevo Leo\u0301n, Me\u0301xico)<\/p>\n<p>CIENCIAS SOCIALES<br \/>\n<em>Dra. Veronika Sieglin Suetterlin<\/em><br \/>\n(Universidad Auto\u0301noma de Nuevo Leo\u0301n, Me\u0301xico)<\/p>\n<p>INGENIERI\u0301A Y TECNOLOGI\u0301A<br \/>\n<em>Dra. Mari\u0301a Idalia del Consuelo Go\u0301mez de la Fuente<\/em><br \/>\n(Universidad Auto\u0301noma de Nuevo Leo\u0301n, Me\u0301xico)<\/p>\n<p>CIENCIAS DE LA TIERRA<br \/>\n<em>Dr. Carlos Gilberto Aguilar Madera<\/em><br \/>\n(Universidad Auto\u0301noma de Nuevo Leo\u0301n, Me\u0301xico)<\/p>\n<\/div>\n<\/div>\n<\/div>\n<\/div>\n<p><strong>\u00a0<\/strong><\/p>\n<p><strong>COMIT\u00c9 DE DIVULGACI\u00d3N<\/strong><\/p>\n<div class=\"page\" title=\"Page 2\">\n<div class=\"section\">\n<div class=\"layoutArea\">\n<div class=\"column\">\n<p>CIENCIAS DE LA SALUD<br \/>\n<em>Dra. Gloria Mari\u0301a Gonza\u0301lez Gonza\u0301lez<\/em><br \/>\n(Universidad Auto\u0301noma de Nuevo Leo\u0301n, Me\u0301xico)<\/p>\n<p>CIENCIAS EXACTAS<br \/>\n<em>Dra. Nora Elizondo Villarreal<\/em><br \/>\n(Universidad Auto\u0301noma de Nuevo Leo\u0301n, Me\u0301xico)<\/p>\n<p>CIENCIAS AGROPECUARIAS<br \/>\n<em>Dr. Hugo Bernal Barraga\u0301n<\/em><br \/>\n(Universidad Auto\u0301noma de Nuevo Leo\u0301n, Me\u0301xico)<\/p>\n<p>CIENCIAS SOCIALES<br \/>\n<em>Dra. Blanca Mirthala Tame\u0301z Valde\u0301s<\/em><br \/>\n(Universidad Auto\u0301noma de Nuevo Leo\u0301n, Me\u0301xico)<\/p>\n<p>INGENIERI\u0301A Y TECNOLOGI\u0301A<br \/>\n<em>Dra. Yolanda Pen\u0303a Me\u0301ndez<\/em><br \/>\n(Universidad Auto\u0301noma de Nuevo Leo\u0301n, Me\u0301xico)<\/p>\n<p>CIENCIAS DE LA TIERRA<br \/>\n<em>Dr. He\u0301ctor de Leo\u0301n Go\u0301mez<\/em><br \/>\n(Universidad Auto\u0301noma de Nuevo Leo\u0301n, Me\u0301xico)<\/p>\n<p>CIENCIAS NATURALES<br \/>\n<em>Dr. Marco Antonio Alvarado Va\u0301zquez<\/em><br \/>\n(Universidad Auto\u0301noma de Nuevo Leo\u0301n, Me\u0301xico)<\/p>\n<\/div>\n<div class=\"column\">\n<p>&nbsp;<\/p>\n<\/div>\n<\/div>\n<\/div>\n<\/div>\n","protected":false},"excerpt":{"rendered":"<p>COMIT\u00c9 ACAD\u00c9MICO CIENCIAS DE LA SALUD Dra. Lourdes Garza Ocan\u0303as (Universidad Auto\u0301noma de Nuevo Leo\u0301n, Me\u0301xico) CIENCIAS EXACTAS Dra. Ma. Aracelia Alcorta Garci\u0301a (Universidad Auto\u0301noma de Nuevo Leo\u0301n, Me\u0301xico) CIENCIAS AGROPECUARIAS Dra. Mari\u0301a Julia Verde Star (Universidad Auto\u0301noma de Nuevo Leo\u0301n, Me\u0301xico) CIENCIAS SOCIALES Dra. Veronika Sieglin Suetterlin (Universidad Auto\u0301noma de Nuevo Leo\u0301n, Me\u0301xico) INGENIERI\u0301A Y TECNOLOGI\u0301A Dra. Mari\u0301a Idalia [&#8230;]<\/p>\n","protected":false},"author":2,"featured_media":0,"parent":0,"menu_order":0,"comment_status":"open","ping_status":"open","template":"","meta":{"_monsterinsights_skip_tracking":false,"_monsterinsights_sitenote_active":false,"_monsterinsights_sitenote_note":"","_monsterinsights_sitenote_category":0,"footnotes":""},"class_list":["post-749","page","type-page","status-publish","hentry"],"_links":{"self":[{"href":"https:\/\/cienciauanl.uanl.mx\/index.php?rest_route=\/wp\/v2\/pages\/749","targetHints":{"allow":["GET"]}}],"collection":[{"href":"https:\/\/cienciauanl.uanl.mx\/index.php?rest_route=\/wp\/v2\/pages"}],"about":[{"href":"https:\/\/cienciauanl.uanl.mx\/index.php?rest_route=\/wp\/v2\/types\/page"}],"author":[{"embeddable":true,"href":"https:\/\/cienciauanl.uanl.mx\/index.php?rest_route=\/wp\/v2\/users\/2"}],"replies":[{"embeddable":true,"href":"https:\/\/cienciauanl.uanl.mx\/index.php?rest_route=%2Fwp%2Fv2%2Fcomments&post=749"}],"version-history":[{"count":17,"href":"https:\/\/cienciauanl.uanl.mx\/index.php?rest_route=\/wp\/v2\/pages\/749\/revisions"}],"predecessor-version":[{"id":15176,"href":"https:\/\/cienciauanl.uanl.mx\/index.php?rest_route=\/wp\/v2\/pages\/749\/revisions\/15176"}],"wp:attachment":[{"href":"https:\/\/cienciauanl.uanl.mx\/index.php?rest_route=%2Fwp%2Fv2%2Fmedia&parent=749"}],"curies":[{"name":"wp","href":"https:\/\/api.w.org\/{rel}","templated":true}]}}